*c**2 + 75*c - 73. Determine n(-5).
27
Let s(j) = j**2 + 137*j + 2014. Calculate s(-17).
-26
Let v(i) = i**2 - 35*i - 306. Give v(-12).
258
Let g(r) = r**3 - 327*r**2 - 583*r - 24673. Give g(329).
2
Let t(g) = 50*g - 825. What is t(11)?
-275
Let g(l) = l**2 - 553*l - 2784. Calculate g(-5).
6
Let x(w) = w - 104. Give x(19).
-85
Let l(s) = -3*s**3 - 7*s**2 + 13*s + 29. Give l(-3).
8
Let v(s) = -s**2 + 88*s - 1864. Give v(52).
8
Let j(z) = 53*z + 362. Determine j(-6).
44
Let w(o) = -o**3 - 66*o**2 - 125*o + 149. What is w(-64)?
-43
Let s(v) = v - 15. Give s(7).
-8
Let k(i) = 16*i + 25. What is k(-2)?
-7
Let n(u) = 4*u**3 + 128*u**2 + 7*u + 225. What is n(-32)?
1
Let o(g) = 6*g**2 - 48*g + 155. Give o(3).
65
Let l(s) = s**3 - 6*s**2 + 93*s - 345. Determine l(4).
-5
Let h(c) = 2*c**2 - 152*c + 2787. Determine h(31).
-3
Let y(r) = 67*r**2 + 3*r + 3. What is y(-1)?
67
Let o(b) = 87*b + 480. Calculate o(-6).
-42
Let f(p) = -p**2 + 12*p - 49. Determine f(5).
-14
Let f(h) = -h**3 + 17*h**2 + 5*h + 235. What is f(18)?
1
Let n(r) = 171*r - 13504. Calculate n(79).
5
Let q(u) = 59*u + 134. Give q(-2).
16
Let z(v) = -5*v + 12. What is z(-4)?
32
Let l(u) = -7*u**3 + 37*u**2 + 46*u - 1. Determine l(4).
327
Let t(c) = 5*c**2 + 624*c + 521. Calculate t(-124).
25
Let x(y) = -2*y**3 + 48*y**2 + 48*y + 50. What is x(25)?
0
Let o(k) = k**3 + 33*k**2 + 2*k + 61. What is o(-33)?
-5
Let i(q) = 23*q**2 + 175*q - 40. Calculate i(-8).
32
Let w(s) = 158*s**2 + 6*s - 3. Give w(1).
161
Let u(l) = l**3 + 13*l**2 - 68*l + 2. Calculate u(-17).
2
Let p(g) = 3*g**2 - 199*g + 2642. Determine p(48).
2
Let g(q) = -55*q + 4547. What is g(86)?
-183
Let p(m) = m**2 + 13*m - 62. Give p(-16).
-14
Let m(y) = -382*y + 2641. What is m(7)?
-33
Let o(g) = 407*g + 10174. Determine o(-25).
-1
Let q(f) = f**2 + 130*f + 4090. Determine q(-54).
-14
Let v(o) = 71*o - 3978. Give v(56).
-2
Let v(o) = 798*o + 118106. Calculate v(-148).
2
Let u(n) = n**2 + 4*n - 377. What is u(18)?
19
Let o(z) = -146*z - 4248. What is o(-29)?
-14
Let n(u) = -u**3 + 41*u**2 + 177*u + 138. Determine n(45).
3
Let s(y) = 18*y + 113. What is s(-1)?
95
Let h(t) = -2*t**2 + 65*t - 274. What is h(6)?
44
Let p(m) = m**3 + 215*m**2 + 134*m - 17106. Determine p(-214).
14
Let v(o) = o**3 - 80*o**2 + 120*o + 8551. Give v(77).
4
Let u(j) = -15*j + 234. Determine u(19).
-51
Let q(m) = m**3 - 35*m**2 - 28*m - 304. Determine q(36).
-16
Let g(a) = a**2 - 31*a - 304. Determine g(39).
8
Let r(o) = o**3 - 9*o**2 - 114*o + 56. Determine r(16).
24
Let p(w) = -15*w + 106. Give p(7).
1
Let n(p) = 99*p + 3138. Calculate n(-32).
-30
Let x(n) = -9*n - 92. Calculate x(5).
-137
Let w(r) = -38*r + 23. Give w(2).
-53
Let m(t) = 67*t + 822. Give m(-11).
85
Let j(x) = 3*x**3 - 112*x**2 + 10*x + 994. Give j(37).
-5
Let s(i) = -i**2 + 147*i + 442. What is s(-3)?
-8
Let w(q) = -q**3 + 26*q**2 - 100*q + 251. Give w(22).
-13
Let r(a) = -a**3 - 38*a**2 - 91*a + 494. What is r(-35)?
4
Let x(t) = -t**3 - 19*t**2 - 25*t - 5. Calculate x(-17).
-158
Let c(n) = 2*n**3 + 29*n**2 + 58*n - 30. Determine c(-12).
-6
Let s(m) = -3*m**2 - 55*m + 372. Give s(6).
-66
Let p(w) = 2908*w - 58163. Give p(20).
-3
Let g(t) = -90*t + 1550. What is g(17)?
20
Let u(r) = -9*r**2 - 100*r + 1129. Calculate u(7).
-12
Let v(m) = -3*m**3 - 65*m**2 + 98*m - 54. Calculate v(-23).
-192
Let a(p) = 258*p**3 + 4*p**2 + p + 1. Calculate a(1).
264
Let j(n) = -38*n - 1053. Calculate j(-28).
11
Let c(u) = -114*u**2 + 28*u + 52. Give c(-2).
-460
Let t(k) = 112*k**2 - 1572*k + 64. Calculate t(14).
8
Let h(u) = u**3 - 52*u**2 - 164*u - 49. Give h(55).
6
Let b(h) = -296*h + 16907. Give b(57).
35
Let t(l) = 3*l**2 - 125*l + 321. Calculate t(39).
9
Let t(x) = -3*x**2 - 42*x + 1170. Give t(14).
-6
Let r(k) = -59*k + 64. What is r(4)?
-172
Let c(k) = -k**3 - 15*k**2 - 39*k - 6. What is c(-12)?
30
Let a(z) = z**2 + 135*z + 6. Determine a(-135).
6
Let u(a) = 11*a - 1233. Determine u(116).
43
Let h(b) = -7*b**3 - 53*b**2 + 10*b + 236. Determine h(-7).
-30
Let u(p) = 11*p**3 + 87*p**2 - 13*p - 45. What is u(-8)?
-5
Let r(x) = 3*x**2 + 127*x - 970. Calculate r(-50).
180
Let s(q) = 65*q**2 + 323*q + 19. Give s(-5).
29
Let j(p) = p**3 + 10*p**2 - 21*p - 2. Determine j(-12).
-38
Let j(p) = -4*p**2 - 87*p + 37. Give j(-22).
15
Let n(r) = 649*r + 2. What is n(0)?
2
Let s(c) = -6*c - 84. What is s(20)?
-204
Let l(h) = 526*h - 5609. Calculate l(11).
177
Let f(x) = -12*x**2 + 80*x + 578. What is f(11)?
6
Let m(o) = -o**3 - 5*o**2 - 14*o - 60. Calculate m(-5).
10
Let b(t) = -187*t**3 - t**2 - 3*t + 2. Determine b(1).
-189
Let n(f) = f**2 - 26*f - 192. What is n(33)?
39
Let u(c) = c**3 + 6*c**2 + 11*c + 67. What is u(-6)?
1
Let d(p) = -p**3 - 13*p**2 - 16*p - 56. Calculate d(-12).
-8
Let o(x) = x**2 + 115*x + 3401. Give o(-60).
101
Let u(t) = 95*t**3 + 9*t + 22. Give u(-2).
-756
Let a(j) = -12*j + 261. What is a(23)?
-15
Let s(f) = f**2 - 169*f + 4143. What is s(138)?
-135
Let i(y) = 88*y**3 + y**2 - 2*y. Determine i(1).
87
Let v(m) = 4*m**2 - 73*m - 20. Give v(19).
37
Let r(v) = v**3 + 14*v**2 + 6*v + 27. Calculate r(-13).
118
Let t(d) = -3*d**3 + 30*d**2 - 19*d - 5. What is t(9)?
67
Let n(u) = -u**3 + 10*u**2 - 12*u + 211. Determine n(10).
91
Let g(q) = -q**3 + 86*q**2 - 262*q + 1079. Determine g(83).
0
Let d(n) = -n**3 - 42*n**2 - 3*n - 211. Give d(-42).
-85
Let d(f) = 3*f**3 + 18*f**2 + 9*f. Determine d(-5).
30
Let t(p) = 4*p**3 + 5*p**2 + 3*p - 1. What is t(2)?
57
Let h(v) = -2*v**2 + 38*v + 192. What is h(23)?
8
Let f(p) = -89*p + 4992. Give f(56).
8
Let g(y) = 14*y - 377. Determine g(29).
29
Let g(s) = 187*s**2 - 3*s + 2. What is g(1)?
186
Let l(t) = 3*t**3 + 31*t**2 - 42*t - 500. Calculate l(-10).
20
Let d(p) = 26*p + 1068. Determine d(-43).
-50
Let r(q) = q**2 - 46*q + 133. Calculate r(36).
-227
Let z(k) = -7*k**2 + 203*k - 399. What is z(2)?
-21
Let f(a) = 49*a + 4366. Calculate f(-88).
54
Let t(x) = -x**2 + 39*x - 226. Determine t(32).
-2
Let u(y) = y**2 + 24*y + 7. Give u(-25).
32
Let v(g) = 65*g - 3175. What is v(49)?
10
Let s(d) = d**3 + 67*d**2 - 1741*d - 72. Give s(-87).
15
Let z(h) = -h**3 + 77*h**2 + 2433*h - 905. Give z(101).
4
Let q(t) = -597*t - 4776. What is q(-8)?
0
Let j(i) = -25*i**2 + 84*i - 1. What is j(3)?
26
Let k(f) = 13*f**2 + 164*f - 63. Determine k(-13).
2
Let h(w) = -1188*w - 433629. Give h(-365).
-9
Let y(g) = 14*g**2 - 8*g + 9. Give y(2).
49
Let h(i) = 49*i - 465. What is h(11)?
74
Let z(i) = 12*i - 85. Determine z(7).
-1
Let o(f) = -3*f**3 - 33*f**2 + 4*f + 31. What is o(-7)?
-585
Let h(s) = -s**3 - 11*s**2 - 5*s + 130. What is h(-6)?
-20
Let o(f) = f**3 + 4*f**2 - f - 30. Determine o(7).
502
Let p(u) = -5*u**2 - 73*u - 215. What is p(-3)?
-41
Let s(k) = 128*k**2 + 86*k + 84. Give s(-1).
126
Let v(a) = -10*a + 154. What is v(9)?
64
Let t(l) = l**2 - 544*l - 3849. Calculate t(-7).
8
Let v(f) = 7*f**3 + 5*f**2 + 14*f + 9. What is v(-1)?
-7
Let k(h) = 6*h**2 + 237*h + 2281. What is k(-23)?
4
Let w(h) = h**3 + 92*h**2 + 2110*h + 163. Calculate w(-49).
16
Let x(q) = q**2 + 44*q - 466. What is x(-52)?
-50
Let w(k) = -k**2 - 66*k - 1227. Give w(-36).
-147
Let i(b) = 111*b + 442. Calculate i(-4).
-2
Let o(q) = -10*q - 1061. What is o(-85)?
-211
Let w(o) = -o**2 + 127*o - 1496. Give w(13).
-14
Let u(q) = 469*q - 15494. Determine u(33).
-17
Let g(b) = 31*b - 128. What is g(4)?
-4
Let a(h) = 2*h**2 - 9*h + 97. Give a(5).
102
Let s(z) = 69*z - 35. Determine s(1).
34
Let x(u) = u**3 + 70*u**2 + 3*u + 196. Calculate x(-70).
-14
Let s(r) = -444*r - 20. Calculate s(1).
-464
Let j(s) = -4*s**3 - 34*s**2 + 10*s + 62. Give j(-8).
-146
Let t(o) = 10*o**2 + 66*o - 55. Determine t(-7).
-27
Let d(j) = -15*j - 668. Give d(-38).
-98
Let n(r) = 12*r**3 - 2*r**2 + 2. Determine n(1).
12
Let n(k) = 8*k**2 + 158*k + 44. Determine n(-19).
-70
Let q(x) = -x**2 + 1483*x - 1481. What is q(1)?
1
Let s(j) = j**3 + 17*j**2 - 36*j - 122. Give s(-19).
-160
Let m(l) = -7*l**2 - 35*l - 39. What is m(-2)?
3
Let l(c) = -3*c**3 - 7*c**2 + 80*c + 298. Calculate l(-5).
98
Let y(d) = -2*d**3 - 160*d**2 - 155*d + 237. Calculate y(-79).
0
Let x(r) = r**2 - 5061*r - 209176. What is x(-41)?
6
Let o(k) = -k**3 + 45*k**2 - 168*k + 76. Give o(41).
-88
Let l(g) = -3*g**2 + 32*g + 84. Calculate l(-3).
-39
Let w(d) = 265*d + 1345. Cal